1 is divided by 149.
115
Calculate the remainder when 9656 is divided by 1608.
8
What is the remainder when 4602 is divided by 1531?
9
What is the remainder when 53524 is divided by 265?
259
Calculate the remainder when 2087 is divided by 1085.
1002
What is the remainder when 2006 is divided by 100?
6
Calculate the remainder when 1707 is divided by 850.
7
Calculate the remainder when 35930 is divided by 219.
14
What is the remainder when 46751 is divided by 327?
317
What is the remainder when 7665 is divided by 1917?
1914
What is the remainder when 97711 is divided by 32567?
10
What is the remainder when 2782 is divided by 345?
22
Calculate the remainder when 4730 is divided by 1015.
670
What is the remainder when 527 is divided by 46?
21
Calculate the remainder when 36830 is divided by 254.
0
What is the remainder when 3792832 is divided by 37?
36
What is the remainder when 23305 is divided by 176?
73
Calculate the remainder when 15555 is divided by 3105.
30
What is the remainder when 1065 is divided by 1060?
5
What is the remainder when 349885 is divided by 56?
53
What is the remainder when 4597 is divided by 7?
5
What is the remainder when 9808 is divided by 758?
712
Calculate the remainder when 970 is divided by 442.
86
Calculate the remainder when 4983 is divided by 4941.
42
Calculate the remainder when 22294 is divided by 2024.
30
What is the remainder when 16248 is divided by 16225?
23
Calculate the remainder when 35565 is divided by 78.
75
Calculate the remainder when 54529 is divided by 54468.
61
Calculate the remainder when 16114 is divided by 16109.
5
What is the remainder when 13980 is divided by 13979?
1
Calculate the remainder when 54847 is divided by 653.
648
What is the remainder when 458 is divided by 4?
2
What is the remainder when 33305 is divided by 14?
13
What is the remainder when 1665 is divided by 20?
5
Calculate the remainder when 39569 is divided by 121.
2
Calculate the remainder when 520 is divided by 188.
144
Calculate the remainder when 38413 is divided by 16.
13
Calculate the remainder when 3253060 is divided by 474.
472
What is the remainder when 73096 is divided by 51?
13
What is the remainder when 891940 is divided by 297310?
10
Calculate the remainder when 146507 is divided by 16277.
14
Calculate the remainder when 1226695 is divided by 75.
70
Calculate the remainder when 13292 is divided by 130.
32
What is the remainder when 5630 is divided by 165?
20
Calculate the remainder when 1775 is divided by 95.
65
Calculate the remainder when 640 is divided by 346.
294
What is the remainder when 2568 is divided by 92?
84
What is the remainder when 23052 is divided by 853?
21
What is the remainder when 193601 is divided by 18?
11
What is the remainder when 15099 is divided by 15049?
50
Calculate the remainder when 2720 is divided by 121.
58
What is the remainder when 2548313 is divided by 38?
33
What is the remainder when 606 is divided by 150?
6
Calculate the remainder when 84993 is divided by 315.
258
What is the remainder when 28675 is divided by 5734?
5
Calculate the remainder when 83506 is divided by 83482.
24
Calculate the remainder when 3983347 is divided by 50.
47
Calculate the remainder when 303806 is divided by 391.
390
Calculate the remainder when 70142 is divided by 162.
158
Calculate the remainder when 6605 is divided by 342.
107
Calculate the remainder when 112524 is divided by 384.
12
Calculate the remainder when 304327 is divided by 59.
5
Calculate the remainder when 574 is divided by 545.
29
What is the remainder when 11911 is divided by 3962?
25
What is the remainder when 24940 is divided by 4953?
175
Calculate the remainder when 13917 is divided by 1978.
71
Calculate the remainder when 7830 is divided by 30.
0
What is the remainder when 1425570 is divided by 142557?
0
Calculate the remainder when 6249 is divided by 33.
12
Calculate the remainder when 77361 is divided by 21.
18
Calculate the remainder when 23082 is divided by 104.
98
What is the remainder when 2527 is divided by 413?
49
Calculate the remainder when 14674 is divided by 179.
175
Calculate the remainder when 1492276 is divided by 142.
140
Calculate the remainder when 44221 is divided by 4.
1
What is the remainder when 978174 is divided by 25?
24
What is the remainder when 2067 is divided by 1744?
323
Calculate the remainder when 35507 is divided by 132.
131
Calculate the remainder when 381116 is divided by 192.
188
What is the remainder when 63737 is divided by 58?
53
Calculate the remainder when 160746 is divided by 855.
6
Calculate the remainder when 350515 is divided by 92.
87
Calculate the remainder when 14346 is divided by 25.
21
Calculate the remainder when 10797 is divided by 200.
197
Calculate the remainder when 22236 is divided by 300.
36
Calculate the remainder when 372386 is divided by 29.
26
Calculate the remainder when 59784 is divided by 63.
60
What is the remainder when 13333 is divided by 27?
22
Calculate the remainder when 14711 is divided by 45.
41
Calculate the remainder when 1014 is divided by 167.
12
Calculate the remainder when 17309 is divided by 82.
7
Calculate the remainder when 288003 is divided by 259.
254
What is the remainder when 1730 is divided by 784?
162
Calculate the remainder when 2605 is divided by 1231.
143
Calculate the remainder when 1645777 is divided by 164577.
7
What is the remainder when 11315 is divided by 283?
278
What is the remainder when 414405 is divided by 483?
474
Calculate the remainder when 48 is divided by 13.
9
Calculate the remainder when 4156145 is divided by 138.
137
Calculate the remainder when 3358583 is divided by 1278.
1277
Calculate the remainder when 1611768 is divided by 47.
44
Calculate the remainder when 18131 is divided by 863.
8
Calculate the remainder when 213883 is divided by 38.
19
What is the remainder when 8268 is divided by 129?
12
Calculate the remainder when 1754 is divided by 576.
26
Calculate the remainder when 5471 is divided by 91.
11
Calculate the remainder when 299722 is divided by 295.
2
Calculate the remainder when 2958 is divided by 443.
300
Calculate the remainder when 777 is divided by 247.
36
What is the remainder when 2978 is divided by 722?
90
Calculate the remainder when 73642 is divided by 370.
12
What is the remainder when 1010 is divided by 120?
50
What is the remainder when 3281 is divided by 1676?
1605
Calculate the remainder when 6335 is divided by 523.
59
What is the remainder when 911 is divided by 161?
106
Calculate the remainder when 3644 is divided by 11.
3
Calculate the remainder when 511512 is divided by 539.
1
Calculate the remainder when 563 is divided by 525.
38
What is the remainder when 4893 is divided by 71?
65
Calculate the remainder when 1147 is divided by 114.
7
What is the remainder when 10375 is divided by 748?
651
What is the remainder when 151960 is divided by 114?
112
Calculate the remainder when 949 is divided by 677.
272
Calculate the remainder when 1227 is divided by 65.
57
What is the remainder when 1328 is divided by 137?
95
Calculate the remainder when 4479 is divided by 22.
13
Calculate the remainder when 2263 is divided by 245.
58
What is the remainder when 569 is divided by 531?
38
What is the remainder when 333207 is divided by 144?
135
Calculate the remainder when 12470 is divided by 63.
59
What is the remainder when 35777 is divided by 1192?
17
What is the remainder when 81300 is divided by 8130?
0
Calculate the remainder when 13405 is divided by 2554.
635
Calculate the remainder when 2635 is divided by 173.
40
What is the remainder when 2729 is divided by 160?
9
Calculate the remainder when 3606 is divided by 288.
150
Calculate the remainder when 2102 is divided by 438.
350
What is the remainder when 1557 is divided by 776?
5
Calculate the remainder when 7366 is divided by 1223.
28
What is the remainder when 6128 is divided by 5843?
285
Calculate the remainder when 14202 is divided by 135.
27
What is the remainder when 872476 is divided by 820?
816
Calculate the remainder when 6886 is divided by 908.
530
What is the remainder when 612 is divided by 599?
13
Calculate the remainder when 116244 is divided by 38743.
15
What is the remainder when 82712 is divided by 274?
238
What is the remainder when 4508 i